the tens digit of n?
3
What is the hundreds digit of (1452 - 20/(-5)) + (-30)/5?
4
Let t(j) = -j - 10. Suppose -5*q - 56 = 2*l, q + 19 = -4*l + l. Let w be t(q). What is the units digit of (3 - w)/((-6)/(-4))?
2
Let v(q) = -7*q + 5*q - 11*q - 13. Let u be v(-12). Suppose 4*c + 23 = w + 6*c, 4*c + u = 5*w. What is the units digit of w?
7
Suppose 0 = -49*s + 58*s - 2025. What is the tens digit of s?
2
Let u(f) = -3*f**2 + 2*f + 4 - f + 2*f**2. Let m be u(0). Suppose 7*h + 5*k = m*h + 42, -5*h + 42 = -k. What is the units digit of h?
9
Let v(z) = 10*z**2 + 66*z + 21. What is the tens digit of v(-18)?
7
Suppose -17 + 5 = -h. Suppose -13 = -3*t + 5*f, -3*f = -0*f - h. What is the tens digit of t?
1
Suppose 10 = 6*m - m. Let i be 1 + 2 + 126/1 + 0. Suppose m*x - i = -x. What is the units digit of x?
3
Let b be (6/4)/(42/112). Suppose -162 + 46 = -b*k. What is the units digit of k?
9
Suppose -3*z = 3*x - 318, 0 = 3*x - 0*z - 2*z - 328. Let n be ((-32)/28)/(4/(-14) - 0). Suppose -a + 42 = 2*s, 5*a + x = n*s + 10. What is the units digit of s?
2
What is the units digit of (-10572)/(-21) - 20/(-35) - -6?
0
Let i = 10 + -6. Suppose -721 = i*n - 11*n. What is the tens digit of n?
0
Suppose -d + 2*l = -13, 3*l = 5*l + 4. What is the units digit of d?
9
Let k(a) = 2*a + 18. Let l(j) = -j**3 + 10*j**2 + 7*j - 7. Let b be l(11). Let f be 4/12 - b/9. What is the tens digit of k(f)?
3
Let s be 12/7*7/2. What is the units digit of 586/s - (-2)/(-3)?
7
Suppose 0 = 14*p - 3011 - 3779. What is the units digit of p?
5
Suppose -4*h + 40 = -5*x, 2*h - 3*h = 2*x + 3. Let c(t) be the second derivative of t**3/2 - 3*t**2 + 3*t. What is the units digit of c(h)?
9
Let g be (-6)/(-27) - 38/9. Let q = -157 - -157. Let n = q - g. What is the units digit of n?
4
Let q be (22/2 + 3)*1. Let z be 60/14 + q/(-49). What is the units digit of ((-8)/3)/(z/(-18))?
2
Let i(l) = l**2 - l + 1. Let y(n) = n**3 - 11*n**2 + 5*n - 14. Let f(a) = 4*i(a) + y(a). Let s be f(7). What is the units digit of 38*(-2 - s) + 0?
8
Let n = -25 - -41. Let c = n + -7. Let t(j) = 4*j - 13. What is the units digit of t(c)?
3
Suppose -6*b + b = 10. Let x be (-2)/(b/(3 + -1)). Suppose -5*w - 3*v = -122, x*v = -w + 2*w - 14. What is the units digit of w?
2
Let o be 2/(-7) + 4 + (-108)/14. What is the hundreds digit of (4 + o - 1)*(-462)/3?
1
Suppose v = -6*v + 70. Suppose 0 = -4*k - 4*g - v - 42, -4*g = 3*k + 44. What is the units digit of (-1 + (-4)/k)*-76?
8
Let s(z) = 6*z**3 + 8*z**2 + z - 8. Let o(n) = -n**3 + n. Let t(i) = -5*o(i) - s(i). What is the tens digit of t(-8)?
5
Suppose -61*x + 64*x + 3*a - 5097 = 0, -2*x = 4*a - 3394. What is the units digit of x?
1
Let x(j) = -2*j**2 + 19*j + 15. Let i(k) = -k**2 + 9*k + 7. Let u(h) = 7*i(h) - 3*x(h). Let o be u(5). Suppose o*v = 7*v + 50. What is the tens digit of v?
2
Let g = 2849 - 570. What is the units digit of g?
9
Let r(g) = -g**3 + 7*g**2 + 8*g. Let c be r(8). Suppose 2*n - 4*n + 96 = c. What is the units digit of n?
8
Let w(s) = s**3 + 8*s**2 + 4*s - 7. Let k be w(-7). Suppose -3*f + 1 + k = 0. Suppose f*d = -4*g + 54, -3*d = -2*g - 3*g - 62. What is the tens digit of d?
1
Let w(k) = 5*k**2 - 2*k. Let y be w(-2). Suppose -y + 40 = -o. Let m = 50 + o. What is the units digit of m?
4
Let o = -26 - -28. Let t be 1491/(-27) - o/(-9). Let x = -28 - t. What is the tens digit of x?
2
Let y = -11 + -23. Let j = 6 - y. What is the units digit of j?
0
Let z = 1433 + -887. What is the units digit of z?
6
Suppose -5*h + 4*v - 20 = 0, 4*h = -4*v + 3*v + 5. Suppose 3*b + 5*a - 252 = h, -23 + 99 = b - a. What is the tens digit of b?
7
Let w(f) = -7*f + 47. What is the units digit of w(-11)?
4
Suppose q + 2853 = 3*t, -5*t - 2*q + 1069 + 3697 = 0. What is the tens digit of t?
5
Let b(o) = -o**3 - 6*o**2 - 5*o + 3. Let u be b(-6). Let a = 18 - u. What is the tens digit of (a/4)/(6/(-32))?
2
Let c(t) = -t**2 + 2*t. Let a be c(4). Let s be 12/a*(-8)/(-3). Let b = 22 + s. What is the tens digit of b?
1
Let u = -342 - -385. What is the units digit of u?
3
Suppose 7*j - 194 = 6*j. Suppose 3*k - j + 8 = 0. What is the tens digit of k?
6
Suppose 0 = 2*x - 8*h - 6382, 5*h = -4*x + 6638 + 6210. What is the units digit of x?
7
Let n be (87/(-6))/(2/(-4)). Suppose 0 = -28*i + n*i - 175. What is the hundreds digit of i?
1
Let v be 1 + 372 - (-3 - -4). Let x = v + -204. What is the units digit of x?
8
Suppose 0 = 305*u - 290*u - 21360. What is the thousands digit of u?
1
Let z(p) = -6*p + 46. Let s be z(7). Suppose -4*l + l + 5*b = -454, 3*b - 615 = -s*l. What is the hundreds digit of l?
1
Let r = -89 + 325. What is the units digit of r?
6
Suppose 2*p - 13 = 3*l, -3*l - 18 = -4*p - 1. Suppose -3*v + 41 = p*v - 4*r, 8 = -2*r. Suppose 2 + 18 = v*w. What is the units digit of w?
4
Suppose -5*b = 3*v - 671, 95 = -5*v - 2*b + 1188. Let o = v + -66. What is the tens digit of o?
5
Suppose -39*k + 82859 = -8869. What is the tens digit of k?
5
Let c = -45 + 10. Let f = c + 70. Let r = -3 + f. What is the units digit of r?
2
Let w = 5 + 4. Let k be ((-3)/(-2))/(w/(-216)). What is the units digit of k/90 - (-154)/10?
5
Suppose -9*o + 11070 = -1521. What is the tens digit of o?
9
Let n = -664 + 2651. What is the hundreds digit of n?
9
Let b(z) = 4 - 6*z - 24*z - 5 + 4*z. Let q be b(-1). Suppose -3*c = -2*u + 13, q - 80 = -5*u + 3*c. What is the units digit of u?
4
What is the hundreds digit of (12166/(-28))/(4/(-8))?
8
Let m(n) = -5*n**2 + 2*n + 1. Let i be m(1). What is the units digit of 27/i*(-6 + -2)?
8
Let m = 8 + -4. Let d(c) = 2*c**3 + 3*c**2 - c**2 - 1 + m - 1 - c. What is the tens digit of d(2)?
2
Suppose -6*f - 12 = -10*f. Let x(d) = 4*d**3 + d**2 - 2*d + 5. What is the units digit of x(f)?
6
Let c(z) = 7*z + 0*z - 3*z + 5 - 1 + 2*z**2. What is the units digit of c(-4)?
0
Let j(q) = 2*q - 34. Let v be j(18). What is the tens digit of v + 2 - (-121 + -1)?
2
Suppose 0 = 2*u + 2*u + 116. Let r = 805 - 811. Let p = r - u. What is the tens digit of p?
2
Let f(q) = 9*q - 4. Let r be f(1). Suppose 0*j + 2*s = -3*j + 66, 4*s = r*j - 88. What is the tens digit of j?
2
Let f(p) = 103*p + 159. What is the tens digit of f(7)?
8
Let g(k) = -342*k + 452. What is the hundreds digit of g(-9)?
5
Let a = -1304 - -2455. What is the thousands digit of a?
1
What is the hundreds digit of -12*((-87)/2 - 1)?
5
Let c(n) = -9 + 3 + 215*n + 4. What is the tens digit of c(1)?
1
Suppose 58 = -2*g - c, -5*g + 0*c - c - 142 = 0. Let d = 3 - g. What is the units digit of d?
1
Let t(z) = 19*z**2 + 33*z - 29. What is the thousands digit of t(-11)?
1
Let a(f) be the first derivative of 21*f**2/2 + 7*f + 1. Let k be a(3). Let d = k - -1. What is the tens digit of d?
7
Suppose 4*l = -2*i + 950, 6 = 2*i - 4. Let d = l - 157. What is the tens digit of d?
7
Suppose -15*m - 4*m = -7638. What is the hundreds digit of m?
4
Let r be (12/(-12))/((-2)/14). Let v = -5 + r. Suppose 0 = -4*t - 2*w + 10, -t = v*t + 4*w. What is the units digit of t?
4
Suppose -2*c - m = 3*m - 912, 0 = -2*c + 4*m + 952. What is the hundreds digit of c?
4
Suppose 2*w = -4*v + 38, -w - 3 = -0*w. Let g(m) = 9*m**3 - 4*m**2 + 2 - 5*m**2 - 19*m - 4 - 8*m**3. What is the tens digit of g(v)?
3
Let g be 11 + 0/(-1) + -2. Suppose -g*a + 738 = -180. What is the tens digit of a?
0
Suppose -5*t - 4*t + 11*t = 0. Suppose 1095 = 5*m - t*m + s, -2*m - 2*s = -446. What is the units digit of m?
8
Let y = 131 - 58. What is the units digit of y?
3
Suppose -x - 2 = 0, 2*m + x + 0*x = 4. Suppose -198 = -12*y + m*y. What is the units digit of y?
2
Suppose -12092 = -5*r - 3827. What is the tens digit of r?
5
Let g = -75 + 111. Suppose g = 4*h - 128. What is the units digit of h?
1
Let d = 73 - 71. Suppose -g + 3*x = -116, 185 - 830 = -5*g + d*x. What is the units digit of g?
1
Suppose 0 = -0*x + 2*x - 4*k + 26, -3*x - 37 = -4*k. Let u = x - -62. What is the tens digit of u?
5
Let s be (23/(-2))/((-2)/4). Let t = s + -23. Suppose -3*m - a + t*a + 85 = 0, -2*m - a = -58. What is the tens digit of m?
2
What is the hundreds digit of 1366 - ((-4)/10)/((-4)/(-20))?
3
Let r(h) = -40*h**3 + 10*h**2 - h - 6. What is the tens digit of r(-4)?
1
Let u(a) = 6*a**2 - 12. What is the thousands digit of u(-15)?
1
Suppose 0 = -6*l + 36 + 12. Suppose -l*t - 395 = -1307. What is the hu